8*s + 18. Let q be g(-8). Suppose -14*n + 424 = -q. List the prime factors of n.
3, 11
Let b = 14 - -484. Let h = b + -335. What are the prime factors of h?
163
Let d = 0 + 9. Let x be (-30)/(-2)*6/d. Let p(t) = 9*t - 23. What are the prime factors of p(x)?
67
Let d be ((-1)/(-4) - (-11)/(-12))*-141. Suppose -2*g + 2*m = -28, -5*g - 5*m + 4*m = -d. What are the prime factors of g?
2, 3
Let d(y) = 6*y**2 + 6*y - 3. Suppose -2*h = 21 - 9. Let b be d(h). List the prime factors of 9/6 + b/6.
31
Let f(g) = 11*g**2 - 2*g - 1. Let r be f(-2). Let c = r + -86. Let a = -6 - c. What are the prime factors of a?
3, 11
What are the prime factors of (-1)/((-18)/42250) + 18/(-81)?
2347
Let l(j) = -j + 5. Let k be l(5). Suppose k*p - 4*p - m + 17 = 0, -p + 4*m - 17 = 0. Suppose y + p*y = 112. What are the prime factors of y?
2, 7
Suppose -4*z = -7*z + 432. Suppose -11*p + 10*p + z = 0. What are the prime factors of p?
2, 3
Let p(y) = 116*y - 2. Let x be p(-2). List the prime factors of (x/(-6))/(2/2).
3, 13
Suppose 0 = -4*m + 5*o + 70, -11 = -3*m - 2*o + 53. Suppose -4*z + 3*k + 83 = 0, z - 4*k - m = -9. Suppose z = 3*f - 4. What are the prime factors of f?
3
Suppose 32*y = 36*y - 168. List the prime factors of y.
2, 3, 7
Suppose -2*y + y = -4*h + 29, -h + 4 = 3*y. Suppose -o + 5*m - h = 0, 3*o - m + 0*m - 49 = 0. List the prime factors of o.
2, 3
Let i(b) = -106*b + 4. List the prime factors of i(-1).
2, 5, 11
Let x(h) = 164*h + 217. What are the prime factors of x(2)?
5, 109
Let d(y) = 2*y + 2. Let g be d(0). Suppose 27 = h - 2*z + 10, -28 = -g*h - 2*z. List the prime factors of h.
3, 5
Suppose -30 = 7*n - 4*n. Let t = n - -38. List the prime factors of t.
2, 7
Suppose p + 0*n - 10 = n, n + 19 = 2*p. What are the prime factors of p/(-12) - 711/(-4)?
3, 59
Suppose -537 = -11*j + 14*j. Let m = j + 353. List the prime factors of m.
2, 3, 29
Let p = 1632 - 1109. List the prime factors of p.
523
Let j = 2715 - -561. What are the prime factors of j?
2, 3, 7, 13
Suppose -2*d + 13 - 111 = -5*s, -4*d + 56 = 4*s. What are the prime factors of 4/(-2) - -53 - s/6?
2, 3
Let a be (12/15)/((-1)/(-155)*2). Suppose -y - 6*j = -j - 70, y - 3*j - a = 0. List the prime factors of y.
5, 13
Suppose -153*l + 155*l = 1690. What are the prime factors of l?
5, 13
Let l(s) = 2*s**2 - 15*s + 5. Let a be -4 - (4 + -16 - 2). List the prime factors of l(a).
5, 11
Let q be 2/9 - 0 - 1892/9. Let f = -64 - q. List the prime factors of f.
2, 73
Let w be ((-11)/(-22))/((-2)/(-28)). Suppose 0 = -0*h - w*h + 7. List the prime factors of (-1)/(h*1/(-41)).
41
Let s(p) = -35*p + 35. Let l be s(-8). Suppose q = 6*q - l. What are the prime factors of q?
3, 7
What are the prime factors of 9145/3 + (-15)/(90/(-4))?
3049
Let j(k) = 3*k**3 - 5*k**2 + 23*k + 22. What are the prime factors of j(6)?
2, 157
Suppose 0*n + 11 = 3*n - 2*k, 4*n = -5*k - 16. Let a be 2 + -1 + n/1. Suppose -5*b - a = -z, 0 = -2*z - 3*z - 4*b + 155. What are the prime factors of z?
3
Suppose 3*k - 2*v = 5419, 5405 = 3*k + 4*v + v. List the prime factors of k.
5, 19
Suppose -4*x - 36 = 2*q, -3*x - 2*x - 2*q - 44 = 0. Let p = -5 - x. Suppose 0 = p*m - 43 - 47. List the prime factors of m.
2, 3, 5
Let q = 20 + -18. Suppose -g + 150 = 4*g - 2*r, q*g - 59 = r. Let x = -30 + g. List the prime factors of x.
2
Let j be -4*10*4/(-32). Suppose j*y + 3*u - 296 = 29, -u - 65 = -y. Let r = y - 32. List the prime factors of r.
3, 11
Suppose 10*n + 225 = -155. List the prime factors of 15/(-3)*n*(3 - 2).
2, 5, 19
Suppose -259 = -5*l + 5*y + 1851, 1733 = 4*l + 5*y. List the prime factors of l.
7, 61
Let s(z) = -z**2 - 2*z - 2. Let i be 1*(-2 - 0)/1. Let n be s(i). Let h(c) = -7*c - 2. What are the prime factors of h(n)?
2, 3
Let m = 1582 - -285. List the prime factors of m.
1867
Suppose -31*b + 25*b + 1158 = 0. List the prime factors of b.
193
Let b(o) = 439*o**2 + 4*o + 2*o - 8 - 2*o**3 - 442*o**2. What are the prime factors of b(-4)?
2, 3
Suppose 0 = -23*b + 1806 + 5117. What are the prime factors of b?
7, 43
Let h(m) = 5*m**2 + 4*m + 510. List the prime factors of h(0).
2, 3, 5, 17
Suppose -5*p - 5 = 0, 4*p - 26 = 5*r - 6*r. List the prime factors of r.
2, 3, 5
Suppose 2*l + 4*t - 11 - 17 = 0, 2*l = t + 18. What are the prime factors of 15/l - (-15)/2?
3
Let d(g) = -g + 3. Let k = 10 - 16. What are the prime factors of d(k)?
3
Suppose x - 9 + 4 = 0. Suppose 15 = -x*p, -q + 6 = 3*p - 2. Let n = q - -24. List the prime factors of n.
41
Let b(r) = 37*r - 41. Let l(j) = -12*j + 14. Let a(d) = -6*b(d) - 17*l(d). What are the prime factors of a(-4)?
2, 5
Suppose 48*i - 51*i + 609 = -3*t, -3*t = 3. List the prime factors of i.
2, 101
Let y(g) = -2*g**2 - 8*g - 10. Suppose 0*l = -4*p + 4*l - 44, -3*l - 3 = 3*p. Let q be y(p). Let u = q + 59. List the prime factors of u.
5
Suppose -4*g + 694 = -2*t, -3*t = 5*g - t - 881. Suppose -q + 4*p + 45 = 0, -3*q + 0*q + g = -2*p. List the prime factors of q.
61
Let j(b) = -b**2 + 10*b - 12. Let n be j(9). Let g = n + 6. Suppose 2*i + g*p = 51, -6 = i + 2*p - 29. What are the prime factors of i?
3, 11
Let h be 8/12*(9 - 0). List the prime factors of 710/3 - h/9.
2, 59
Let i = 19 + -14. Let s(v) = -v**2 + 6*v - 2. Let a be s(i). Suppose a*k = -2*j + 5*j + 15, 2*k + 4*j - 40 = 0. What are the prime factors of k?
2, 5
Suppose -20*t - 5*h - 611 = -22*t, -2*t = -4*h - 614. What are the prime factors of t?
313
Let n(h) = -12*h + 16. Let q(u) = 6*u**3 + 2*u**2 + 2*u + 1. Let i be q(-1). What are the prime factors of n(i)?
2, 19
Let c(y) = 278*y**2 + 16*y - 21. List the prime factors of c(3).
3, 281
Let b(n) = -5*n**3 - 32*n**2 + 18*n + 66. List the prime factors of b(-10).
2, 3, 281
Let s = 6926 - 4912. What are the prime factors of s?
2, 19, 53
Let v = -290 + 444. Suppose 5*p - 211 = v. List the prime factors of p.
73
Let w(d) = 10*d**2 + d + 1. Let u(a) = a - 19. Let f be u(18). Let h be -4 + 1 + 2 + f. What are the prime factors of w(h)?
3, 13
Let b(n) = 4*n - 18. Let j(v) = 2*v - 9. Let h(d) = -2*b(d) + 5*j(d). Let z be h(-8). Let r = z + 83. What are the prime factors of r?
2, 29
Suppose -p + 33 = -3*z, 0*p - 4*p + z = -132. Suppose -5*h = 5*x - 178 + p, -3*h + 87 = -x. Let n = h + -13. List the prime factors of n.
2
Let w(z) = 6*z**2 + 15*z + 221. What are the prime factors of w(-9)?
2, 11, 13
Suppose -19*k = -8*k - 2651. List the prime factors of k.
241
Let i be 5/((-30)/(-96)) - (0 - -2). Suppose 2*f - 182 + i = 0. List the prime factors of f.
2, 3, 7
Suppose -46 = -6*a + 5*a. Suppose -d - a = -2*d. What are the prime factors of d?
2, 23
Suppose -10*j - 5 = -11*j. Let l be j + (-2 - 1) + 1. Suppose -5*c - 2*a + 67 = 0, l = c - 0*c + 3*a. What are the prime factors of c?
3, 5
Let d = -12 - -8. Let a(q) = q**3 + 4*q**2 - q. Let h be a(d). Suppose 0 = -h*o - 2*u + 48, -5*o - u + 53 + 1 = 0. List the prime factors of o.
2, 5
Let n(b) = 3*b - 6. Let o be n(-2). List the prime factors of (o/(-36))/(2/150).
5
Suppose 3*v = -39 + 9. Let z(r) be the third derivative of r**5/60 + 3*r**4/8 + 19*r**3/6 + 19*r**2. List the prime factors of z(v).
29
Suppose r = 4*r - 9. Suppose 17 = 4*y + 5*f, r*y = 2*y + 3*f. Suppose -3*j = y*s - 99, -5*s - 3*j = -j - 171. List the prime factors of s.
5, 7
Suppose y = 40 + 284. Let p = y + -227. Let a = p + -66. What are the prime factors of a?
31
Let c = 165 - 163. Suppose -c*v + v + 80 = -l, 2*l = 8. What are the prime factors of v?
2, 3, 7
List the prime factors of -9*11/33*1138/(-6).
569
List the prime factors of (12/(-30))/((-1)/515).
2, 103
Let c(s) = -s**2 + 6*s + 7. Let p be c(5). Let w be (20/p)/((-1)/(-27)). What are the prime factors of ((-27)/w)/((-2)/70)?
3, 7
Let p(s) = -s**2 - 16*s + 2. Let z be -82*((-3)/(-2) - 2). Suppose 4*r + o + z + 2 = 0, -3*r - 45 = 5*o. What are the prime factors of p(r)?
2, 31
Suppose -g = 4*g + 2*h + 88, -4*g - h = 68. Let l be g*(10/8 - 2). Let o = -5 + l. What are the prime factors of o?
7
Let y(x) be the third derivative of -x**6/30 - x**5/30 - x**4/12 - x**3 + 6*x**2. Let i be y(-4). Suppose 3*l = i - 7. List the prime factors of l.
73
Let z = -111 + 113. Suppose 2*v = -z*v + 16. What are the prime factors of v?
2
Let y(r) = 248*r + 2. Let z(p) = -2*p. Let s(w) = y(w) + 2*z(w). What are the prime factors of s(1)?
2, 3, 41
Let c(t) = 3*t**2 +